{"id":15,"date":"2011-08-11T14:56:29","date_gmt":"2011-08-11T14:56:29","guid":{"rendered":"http:\/\/www.pnlfinance.com\/blog\/?page_id=15"},"modified":"2013-05-09T15:17:41","modified_gmt":"2013-05-09T19:17:41","slug":"segunda-pagina","status":"publish","type":"page","link":"https:\/\/www.pnlfinance.com\/blog\/segunda-pagina\/","title":{"rendered":"Recursos"},"content":{"rendered":"<p>En esta secci\u00f3n incluimos links a p\u00e1ginas web y materiales \u00fatiles en finanzas y modelaje financiero.<\/p>\n<h2>Finanzas Corporativas<\/h2>\n<ul>\n<li>La <a title=\"Damodaran Online\" href=\"http:\/\/people.stern.nyu.edu\/adamodar\/\">p\u00e1gina web de Aswath Damodaran<\/a> es uno de los mejores recursos que hay para aprender sobre finanzas corporativas (p\u00e1gina en ingl\u00e9s)<\/li>\n<li><a title=\"The Economist\" href=\"http:\/\/www.economist.com\/\">The Economist<\/a> permite estar al dia en los hechos del mundo y entender su impacto en la econom\u00eda. Ellos hacen el an\u00e1lisis, as\u00ed que no hay que pensar, solo leer...\u00a0(p\u00e1gina en ingl\u00e9s)<\/li>\n<\/ul>\n<h2>Finanzas Personales<\/h2>\n<ul>\n<li>Si quieres empezar a invertir en el mercado accionario de Estados Unidos desde Am\u00e9rica Latina, puedes hacerlo por medio de cuentas con diferentes brokers tales como <a title=\"Choice Trade\" href=\"http:\/\/www.choicetrade.com\/\">Choice Trade<\/a> o <a title=\"Interactive Brokers\" href=\"http:\/\/www.interactivebrokers.com\/es\/main.php\">Interactive Brokers<\/a><\/li>\n<li>Para aprender mas sobre como invertir en bolsa tambi\u00e9n puedes inscribirte a un curso como el de <a title=\"Invierta Para Ganar - Videotrader\" href=\"http:\/\/bit.ly\/15kX6vd\">Invierta Para Ganar<\/a> para que aprendas paso a paso<\/li>\n<\/ul>\n<h2>Enlaces \u00fatiles para valoraci\u00f3n de empresas y modelaje financiero<\/h2>\n<ul>\n<li><a href=\"http:\/\/pages.stern.nyu.edu\/~adamodar\/\">Damodaran Online<\/a>: Este sitio web tambien incluye discusiones sobre metodolog\u00edas de valoraci\u00f3n, datos de Betas por sector, datos de prima de riesgo de mercado, etc, etc.<\/li>\n<li><a href=\"http:\/\/www.treasury.gov\/resource-center\/data-chart-center\/interest-rates\/Pages\/TextView.aspx?data=yield\">Departamento del Tesoro de Estados Unidos<\/a>: Es el sitio web del departamento del tesoro de Estados Unidos. Muy \u00fatil para conseguir la tasa libre de riesgo en cualquier momento.<\/li>\n<\/ul>\n","protected":false},"excerpt":{"rendered":"<p>En esta secci\u00f3n incluimos links a p\u00e1ginas web y materiales \u00fatiles en finanzas y modelaje financiero. Finanzas Corporativas La p\u00e1gina web de Aswath Damodaran es uno de los mejores recursos que hay para aprender sobre finanzas corporativas (p\u00e1gina en ingl\u00e9s) <a class=\"more-link\" href=\"https:\/\/www.pnlfinance.com\/blog\/segunda-pagina\/\">Seguir leyendo  <span class=\"screen-reader-text\">  Recursos<\/span><span class=\"meta-nav\">&rarr;<\/span><\/a><\/p>\n","protected":false},"author":1,"featured_media":0,"parent":0,"menu_order":0,"comment_status":"closed","ping_status":"closed","template":"","meta":{"footnotes":""},"class_list":["post-15","page","type-page","status-publish","hentry"],"_links":{"self":[{"href":"https:\/\/www.pnlfinance.com\/blog\/wp-json\/wp\/v2\/pages\/15","targetHints":{"allow":["GET"]}}],"collection":[{"href":"https:\/\/www.pnlfinance.com\/blog\/wp-json\/wp\/v2\/pages"}],"about":[{"href":"https:\/\/www.pnlfinance.com\/blog\/wp-json\/wp\/v2\/types\/page"}],"author":[{"embeddable":true,"href":"https:\/\/www.pnlfinance.com\/blog\/wp-json\/wp\/v2\/users\/1"}],"replies":[{"embeddable":true,"href":"https:\/\/www.pnlfinance.com\/blog\/wp-json\/wp\/v2\/comments?post=15"}],"version-history":[{"count":12,"href":"https:\/\/www.pnlfinance.com\/blog\/wp-json\/wp\/v2\/pages\/15\/revisions"}],"predecessor-version":[{"id":21,"href":"https:\/\/www.pnlfinance.com\/blog\/wp-json\/wp\/v2\/pages\/15\/revisions\/21"}],"wp:attachment":[{"href":"https:\/\/www.pnlfinance.com\/blog\/wp-json\/wp\/v2\/media?parent=15"}],"curies":[{"name":"wp","href":"https:\/\/api.w.org\/{rel}","templated":true}]}}