{"id":762,"date":"2013-03-31T08:25:59","date_gmt":"2013-03-31T12:25:59","guid":{"rendered":"http:\/\/www.pnlfinance.com\/blog\/?page_id=762"},"modified":"2016-04-20T11:11:27","modified_gmt":"2016-04-20T15:11:27","slug":"modelaje-financiero-aplicado","status":"publish","type":"page","link":"https:\/\/www.pnlfinance.com\/blog\/modelaje-financiero-aplicado\/","title":{"rendered":"Modelaje Financiero Aplicado"},"content":{"rendered":"<p><strong>Que es el curso de Modelaje Financiero Aplicado?<\/strong><br \/>\nEs un curso online para ense\u00f1arte como hacer buenos modelos financieros en Excel. Usaremos un caso de estudio pr\u00e1ctico para entender los varios pasos de modelaje y tener un modelo completo construido al final del programa.<\/p>\n<p>Es un programa ideal para analistas en banca de inversi\u00f3n, manejo de proyectos, desarrollo corporativo, an\u00e1lisis financiero, estrategia, fondos de capital privado, banca corporativa, y an\u00e1lisis de cr\u00e9dito entre otros. Tambi\u00e9n es ideal para personas o estudiantes que quieren llegar a trabajar en cualquiera de estas \u00e1reas y para empresarios y empleados que quieren ampliar sus conocimientos en finanzas.<\/p>\n<p>El programa asume que tienes un conocimiento b\u00e1sico de Excel. A pesar de que te ense\u00f1aremos los temas fundamentales de Excel para modelaje financiero, es conveniente que tengas familiaridad con el uso b\u00e1sico de Excel. El programa fue hecho usando Excel 2010, pero las personas trabajando con Excel 2007 no deberan tener problemas en seguirlo. <\/p>\n<table id=\"ordenar\" border=\"1\" cellspacing=\"0\" cellpadding=\"0\">\n<tbody>\n<tr>\n<td style=\"width: 100%; font-size:15px; color: #1f497d;\"><strong>Haz click en el boton para ordenar ahora el Curso de Modelaje Financiero Aplicado de PnL Finance por US$198.00<\/strong><br \/>\n<img decoding=\"async\" src=\"http:\/\/www.pnlfinance.com\/blog\/Pics\/payment-logos.png\" alt=\"logos de pago\" width=\"180\" height\"22\" style=\"padding: 0px 0px 0px 0px;\"><br \/>\n<form action=\"https:\/\/www.paypal.com\/cgi-bin\/webscr\" method=\"post\">\n <input type=\"hidden\" name=\"business\" value=\"leonardo.hernandez&#64;&#112;&#110;&#108;&#102;&#105;&#110;&#97;&#110;&#x63;&#x65;&#x2e;&#x63;&#x6f;&#x6d;\" \/>\n <input type=\"hidden\" name=\"cmd\" value=\"_xclick\" \/>\n <!-- Instant Payment Notification & Return Page Details -->\n <input type=\"hidden\" name=\"notify_url\" value=\"https:\/\/www.pnlfinance.com\/blog\/?s2member_paypal_notify=1\" \/>\n <input type=\"hidden\" name=\"cancel_return\" value=\"https:\/\/www.pnlfinance.com\/blog\/\" \/>\n <input type=\"hidden\" name=\"return\" value=\"https:\/\/www.pnlfinance.com\/blog\/?s2member_paypal_return=1&amp;s2member_paypal_return_tra=ZGVmNTAyMDAxNTBhNGUyZWRhMjExMDEyNWJkMTM1NGEzMzQwNWE1N2I0ZWQyNGQ5Y2Q2Yzk1NWJlNGQ5ZGE3YzFkMmU2ZGM3ZDI2OGJjMTFjM2JiN2YxMzM1YzgxZmY1NDM4MjYzMjAyMGNjNGY1MmQ3MmNkMTY2YjY5NzBkOWE0Njk5MTE4NmIwMWI1MjFkMjc4MjEzNmY2MzRmMjE0MzdjNjk5MGIwZDIxZmI3ZThmNzI0YTY2YmIxYzc0YWMxZWUxZDNkYWIwMGFlNzU3MmQ5MzIwY2RhYjlhZDY4MjgwY2ZmOTc5OGJlODk5ZmZhNzM3NjgyYzk2YTJiNDk0ZTNjYjQ0NGFjN2NkNDE4NTUyYTk1NTM4MWE2ZmJiZTY0ZTg1MGMxYjc4ZGRhMTIzZWQ3ZjViNjg2ZjIzOWI4YjZjMDlkMGRhMjViOTcyMmNmZDEwOTJjZTIxOWJhYzEwZTQ1ZjI1YjNmMjU3MjUwNjIzOTg3MDZhNDYxNjMwNTQxNTM3ZTAxODU5OWE4NjIwMTk5NWY3ZmM0YTFkYThmOTNlM2M5ZGUzODFiNDBlOTMyMGRiZjZhNTQyOTA0MjBiN2Y2YzcxYjcxNDYzNjQ4MzBkMmUyODJlNzdjMGJiNDhjZWZjMGY3ZmFhMzVjYTFjMGE4NGNjZTYzZjI2OTEyZmM5Mjg5YTc3MDRmYTMyYWFkY2QzNzM5MzlkNzMwOGFhNjc2OTE3ZTk4NmI2MmY3MTVmMTZkODY4MGMzYjNlNTQ3NmY2YTZiMDE3OWM4N2EwMzJkZjEyMjU3Mjc2M2ZhYzQxYmY2ZTNhY2I0MjM2Mjk5ZmU5YThlYTQ1YTYwMDk2NjQ5ZDc1ODkyMjY4YTQxYmEyMWJiOTE0MWJmZGYzNDczMDY0YmM0MzA5NmM5ZmEwZmQyNDZjZTc0ODU4Y2JiYjdmNDE0\" \/>\n <input type=\"hidden\" name=\"rm\" value=\"2\" \/>\n <!-- Configures Basic Checkout Fields -->\n <input type=\"hidden\" name=\"lc\" value=\"ES\" \/>\n <input type=\"hidden\" name=\"no_shipping\" value=\"1\" \/>\n <input type=\"hidden\" name=\"no_note\" value=\"1\" \/>\n <input type=\"hidden\" name=\"custom\" value=\"www.pnlfinance.com\" \/>\n <input type=\"hidden\" name=\"currency_code\" value=\"USD\" \/>\n <input type=\"hidden\" name=\"page_style\" value=\"PnLPaypal\" \/>\n <input type=\"hidden\" name=\"charset\" value=\"utf-8\" \/>\n <input type=\"hidden\" name=\"item_name\" value=\"Curso de Modelaje Financiero\" \/>\n <input type=\"hidden\" name=\"item_number\" value=\"1::1 Y\" \/>\n <!-- Configures s2Member's Unique Invoice ID\/Code  -->\n <input type=\"hidden\" name=\"invoice\" value=\"69ea148c2d8e2~216.73.216.6\" \/>\n <!-- Identifies\/Updates An Existing User\/Member (when\/if applicable)  -->\n <input type=\"hidden\" name=\"on0\" value=\"Originating Domain\" \/>\n <input type=\"hidden\" name=\"os0\" value=\"www.pnlfinance.com\" \/>\n <!-- Identifies The Customer's IP Address For Tracking -->\n <input type=\"hidden\" name=\"on1\" value=\"Customer IP Address\" \/>\n <input type=\"hidden\" name=\"os1\" value=\"216.73.216.6\" \/>\n <!-- Controls Modify Behavior At PayPal Checkout -->\n <input type=\"hidden\" name=\"modify\" value=\"0\" \/>\n <!-- Customizes Prices, Payments & Billing Cycle -->\n <input type=\"hidden\" name=\"amount\" value=\"198.00\" \/>\n <!--<input type=\"hidden\" name=\"src\" value=\"BN\" \/>-->\n <!--<input type=\"hidden\" name=\"srt\" value=\"\" \/>-->\n <!--<input type=\"hidden\" name=\"sra\" value=\"1\" \/>-->\n <!--<input type=\"hidden\" name=\"a1\" value=\"0\" \/>-->\n <!--<input type=\"hidden\" name=\"p1\" value=\"0\" \/>-->\n <!--<input type=\"hidden\" name=\"t1\" value=\"D\" \/>-->\n <!--<input type=\"hidden\" name=\"a3\" value=\"198.00\" \/>-->\n <!--<input type=\"hidden\" name=\"p3\" value=\"1\" \/>-->\n <!--<input type=\"hidden\" name=\"t3\" value=\"Y\" \/>-->\n <!-- Displays The PayPal Image Button -->\n <input type=\"image\" src=\"https:\/\/www.paypal.com\/en_US\/i\/btn\/btn_xpressCheckout.gif\" style=\"width:auto; height:auto; border:0;\" alt=\"PayPal\" \/>\n<\/form>\n<\/td>\n<\/tr>\n<\/tbody>\n<\/table>\n<p><a name=\"trial\"><\/a><\/p>\n<hr>\n<p><strong>Puedo probarlo antes de comprar?<\/strong><br \/>\nSi. Nuestra filosof\u00eda es que no hay mejor experiencia que la experiencia pr\u00e1ctica. Por eso hemos creado un acceso gratis para que veas dos m\u00f3dulos del curso y puedas decidir si quieres tomar el curso completo. En PnL Finance estamos convencidos de que somos m\u00e1s exitosos en la medida en que gente informada y motivada conozca y complete el curso.<\/p>\n<p>Haciendo click aqu\u00ed podr\u00e1s crear un usuario gratuito: <a href=\"http:\/\/www.pnlfinance.com\/blog\/wp-login.php?action=register\">Crear usuario gratuito<\/a><\/p>\n<p>Este usuario de demostraci\u00f3n te permitir\u00e1 acceder a la <a href=\"http:\/\/www.pnlfinance.com\/blog\/wp-login.php\">zona de miembros del curso<\/a>. All\u00ed podras ver la tabla de contenidos con todos los temas cubiertos. <\/p>\n<p>Adicionalmente podr\u00e1s acceder a las siguientes dos secciones del curso:<br \/>\n- Modulo 0 - 1. Introducci\u00f3n - Excel b\u00e1sico para modelaje (Parte 1)<br \/>\n- Modulo 4 - 1. Conceptos b\u00e1sicos de valoraci\u00f3n <\/p>\n<p>Con este usuario tendr\u00e1s acceso a todos los materiales de esas dos sesiones, incluyendo el video de la clase, el quiz y la tarea. Para que te lleves una buena idea del funcionamiento del curso. Es importante mencionar que no todas las secciones tienen quiz y tarea. <\/p>\n<hr>\n<p><strong>Que Te Permitir\u00e1 el Curso?<\/strong><\/p>\n<ul id=\"ventajas\">\n<li> El curso de Modelaje Financiero Aplicado te permitir\u00e1 ganar conocimiento basado en <strong>experiencia en el mundo real<\/strong> por medio de entrenamiento basado en videos creados por  un banquero de inversi\u00f3n<\/li>\n<li><strong>Dominar tus entrevistas<\/strong> cuando te hagan preguntas relacionadas con modelaje financiero<\/li>\n<li><strong>Dominar Excel.<\/strong> Ya seas un principiante o si ya tienes familiaridad con Excel, tu manejo de Excel ser\u00e1 espectacular al final del curso y ser\u00e1s <strong>mucho m\u00e1s r\u00e1pido<\/strong> que tus colegas, as\u00ed que trabajaras en los proyectos m\u00e1s interesantes y tendr\u00e1s m\u00e1s chances para que te compensen mejor<\/li>\n<li><strong>Aprender viendo videos.<\/strong> No hay sustituto a mirar \"por encima del hombro\" de un profesional mientras \u00e9l te explica c\u00f3mo construir un modelo financiero. Eso es justamente que lo que este curso te permite. Pero si te dan ganas de leer algo escrito, tendr\u00e1s acceso a la gu\u00eda libro de modelaje en formato PDF<\/li>\n<li><strong>Aprender contabilidad, finanzas, y fundamentos de valoraci\u00f3n de empresas.<\/strong> Estas son habilidades clave en muchas profesiones como <strong>banca de inversi\u00f3n, capital privado, an\u00e1lisis financiero<\/strong> entre otros. Pero tambi\u00e9n son habilidades de las que se pueden beneficiar <strong>empresarios o personas en posiciones gerenciales<\/strong> de grandes, medianas y peque\u00f1as empresas<\/li>\n<li><strong>Afirmar tus conocimientos con ex\u00e1menes de pr\u00e1ctica.<\/strong> La mayor parte de los videos vienen acompa\u00f1ados por ex\u00e1menes de pr\u00e1ctica. Recibir\u00e1s de forma inmediata la respuesta a los ex\u00e1menes, lo que te permitir\u00e1 saber inmediatamente cuanto recuerdas de la lecci\u00f3n<\/li>\n<li><strong>Practicar tus nuevos conocimientos con tareas.<\/strong> La mayor parte de los videos vienen acompa\u00f1ados por tareas. Recibir\u00e1s acceso a archivos de  Excel que muestran el \"Antes\" y \"Despu\u00e9s\" para cada tarea, para que te asegures de que estas yendo por el camino correcto<\/li>\n<li><strong>Aprender mucho m\u00e1s que teor\u00eda.<\/strong> No solo usaras un caso pr\u00e1ctico para ir paso a paso entendiendo como construir un modelo financiero, sino que tendr\u00e1s acceso a videos que te llevaran sobre modelos de transacciones de la vida real, y te explicaran cuales son los aspectos buenos, malos y feos de cada uno de ellos<\/li>\n<li>Al final del curso <strong>ser\u00e1s capaz de<\/strong>:\n<ul>\n<li><strong>Usar r\u00e1pida y correctamente funciones y recursos de Excel<\/strong> para modelaje, incluyendo las teclas de m\u00e9todo abreviado de Excel 2007 y 2010 en Ingles y Espa\u00f1ol<\/li>\n<li><strong>Analizar los estados financieros<\/strong> de una empresa<\/li>\n<li><strong>Construir correctamente un modelo financiero<\/strong> integrado de tres estados financieros partiendo de una hoja de Excel en blanco<\/li>\n<li>Hacer an\u00e1lisis de sensibilidad y manejar casos<\/li>\n<li>Identificar y manejar referencias circulares en Excel<\/li>\n<li><strong>Valorar una compa\u00f1\u00eda<\/strong> usando la metodolog\u00eda de flujos de caja descontados<\/li>\n<\/ul>\n<\/ul>\n<hr>\n<p><strong>Que temas se cubren?<\/strong><br \/>\nUna de las grandes ventajas de nuestro curso es que puedes seguir tu propio ritmo y estudiar cuando y donde te sea mas conveniente. Sin embargo en la tabla de abajo sugerimos un itinerario de 10 semanas para completar el curso<\/p>\n<table id=\"temas\" border=\"\" cellspacing=\"0\" cellpadding=\"0\">\n<tbody>\n<tr>\n<td style=\"width: 100%; font-size:15px; color: #1f497d;\" colspan=\"3\"><strong>Contenido del Curso de Modelaje Financiero Aplicado<\/strong><\/td>\n<\/tr>\n<tr class=\"impar\">\n<td style=\"width: 10%;\"><strong>Semana 1<\/strong><\/td>\n<td style=\"text-align: left; padding: 5px; width: 45%;\">\n<ul>\n<li> M\u00f3dulo 0: Introducci\u00f3n, Excel b\u00e1sico para modelaje<\/li>\n<\/ul>\n<\/td>\n<td style=\"text-align: left; padding: 5px; width: 45%;\"><\/td>\n<\/tr>\n<tr class=\"par\">\n<td style=\"width: 10%;\"><strong>Semana 2<\/strong><\/td>\n<td style=\"text-align: left; padding: 5px; width: 45%;\">\n<ul>\n<li>M\u00f3dulo 1: Vistazo General<\/li>\n<li>M\u00f3dulo 1: Mejores pr\u00e1cticas en modelaje financiero<\/li>\n<\/ul>\n<\/td>\n<td style=\"text-align: left; padding: 5px; width: 45%;\">\n<ul>\n<li>M\u00f3dulo 1: Preparaci\u00f3n de Excel<\/li>\n<\/ul>\n<\/td>\n<\/tr>\n<tr class=\"impar\">\n<td style=\"width: 10%;\"><strong>Semana 3<\/strong><\/td>\n<td style=\"text-align: left; padding: 5px; width: 45%;\">\n<ul>\n<li>M\u00f3dulo 1: Vistazo a los estados financieros b\u00e1sicos<\/li>\n<li>M\u00f3dulo 1: An\u00e1lisis de estados financieros<\/li>\n<\/ul>\n<\/td>\n<td style=\"text-align: left; padding: 5px; width: 45%;\"><\/td>\n<\/tr>\n<tr class=\"par\">\n<td style=\"width: 10%;\"><strong>Semana 4<\/strong><\/td>\n<td style=\"text-align: left; padding: 5px; width: 45%;\">\n<ul>\n<li>M\u00f3dulo 2: Preparando el modelo financiero<\/li>\n<li>M\u00f3dulo 2: Proyectando las ventas<\/li>\n<\/ul>\n<\/td>\n<td style=\"text-align: left; padding: 5px; width: 45%;\">\n<ul>\n<li>M\u00f3dulo 2: Amarrando los estados financieros<\/li>\n<li>M\u00f3dulo 2: Proyectando los costos y gastos<\/li>\n<\/ul>\n<\/td>\n<\/tr>\n<tr class=\"impar\">\n<td style=\"width: 10%;\"><strong>Semana 5<\/strong><\/td>\n<td style=\"text-align: left; padding: 5px; width: 45%;\">\n<ul>\n<li>M\u00f3dulo 2: Proyectando el capital de trabajo<\/li>\n<li>M\u00f3dulo 2: Proyectando los activos fijos<\/li>\n<\/ul>\n<\/td>\n<td style=\"text-align: left; padding: 5px; width: 45%;\">\n<ul>\n<li>M\u00f3dulo 2: Proyectando los activos intangibles y otros<\/li>\n<li>M\u00f3dulo 2: Proyectando el patrimonio<\/li>\n<\/ul>\n<\/td>\n<\/tr>\n<tr class=\"par\">\n<td style=\"width: 10%;\"><strong>Semana 6<\/strong><\/td>\n<td style=\"text-align: left; padding: 5px; width: 45%;\">\n<ul>\n<li>M\u00f3dulo 2: Proyectando la deuda y creando circularidades<\/li>\n<li>M\u00f3dulo 2: Proyectando impuesto de renta e inter\u00e9s minoritario<\/li>\n<\/ul>\n<\/td>\n<td style=\"text-align: left; padding: 5px; width: 45%;\">\n<ul>\n<li>M\u00f3dulo 2: Finalizando el modelo financiero<\/li>\n<\/ul>\n<\/td>\n<\/tr>\n<tr class=\"impar\">\n<td style=\"width: 10%;\"><strong>Semana 7<\/strong><\/td>\n<td style=\"text-align: left; padding: 5px; width: 45%;\">\n<ul>\n<li>M\u00f3dulo 3: Impuesto de renta<\/li>\n<li>M\u00f3dulo 3: Tablas de datos<\/li>\n<\/ul>\n<\/td>\n<td style=\"text-align: left; padding: 5px; width: 45%;\">\n<ul>\n<li>M\u00f3dulo 3: Funciones de texto<\/li>\n<li>M\u00f3dulo 3: An\u00e1lisis de escenarios<\/li>\n<\/ul>\n<\/td>\n<\/tr>\n<tr class=\"par\">\n<td style=\"width: 10%;\"><strong>Semana 8<\/strong><\/td>\n<td style=\"text-align: left; padding: 5px; width: 45%;\">\n<ul>\n<li>M\u00f3dulo 4: Conceptos b\u00e1sicos de valoraci\u00f3n<\/li>\n<li>M\u00f3dulo 4: Flujos de caja desapalancados<\/li>\n<\/ul>\n<\/td>\n<td style=\"text-align: left; padding: 5px; width: 45%;\">\n<ul>\n<li>M\u00f3dulo 4: Introducci\u00f3n a la tasa de descuento<\/li>\n<\/ul>\n<\/td>\n<\/tr>\n<tr class=\"impar\">\n<td style=\"width: 10%;\"><strong>Semana 9<\/strong><\/td>\n<td style=\"text-align: left; padding: 5px; width: 45%;\">\n<ul>\n<li>M\u00f3dulo 4: Calculando el costo de patrimonio<\/li>\n<li>M\u00f3dulo 4: Calculando la tasa de descuento<\/li>\n<\/ul>\n<\/td>\n<td style=\"text-align: left; padding: 5px; width: 45%;\">\n<ul>\n<li>M\u00f3dulo 4: Calculando el valor terminal<\/li>\n<li>M\u00f3dulo 4: Calculando el valor de firma y el valor del patrimonio<\/li>\n<\/ul>\n<\/td>\n<\/tr>\n<tr class=\"par\">\n<td style=\"width: 10%;\"><strong>Semana 10<\/strong><\/td>\n<td style=\"text-align: left; padding: 5px; width: 45%;\">\n<ul>\n<li>M\u00f3dulo 5: Casos de la vida real - SupermerCo<\/li>\n<li>M\u00f3dulo 5: Casos de la vida real - MetalCo<\/li>\n<\/ul>\n<\/td>\n<td style=\"text-align: left; padding: 5px; width: 45%;\">\n<ul>\n<li>M\u00f3dulo 5: Casos de la vida real - Petro Compa\u00f1\u00eda<\/li>\n<li>M\u00f3dulo 5: Casos de la vida real - Compra apalancada de la Cia de Electricidad<\/li>\n<\/ul>\n<\/td>\n<\/tr>\n<\/tbody>\n<\/table>\n<p><strong>Que recibes cuando te inscribes al curso de Modelaje Financiero Aplicado?<\/strong><\/p>\n<ul id=\"ventajas\">\n<li><strong>40 videos con m\u00e1s de 15 horas de entrenamiento<\/strong> en Modelaje Financiero Aplicado. Cada uno de los temas contiene videos explicando el proceso de analizar estados financieros, construir un modelo en Excel y hacer una valoraci\u00f3n por flujos de caja descontados entre otros. Todas estas lecciones est\u00e1n <strong>organizadas en un curso estructurado.<\/strong> Siguiendo el curso mejoraras tus conocimiento de finanzas corporativas y tus habilidades de modelaje financiero en muy corto tiempo<\/li>\n<li>Acceso a la <strong>gu\u00eda libro de modelaje en formato PDF<\/strong>. Esta gu\u00eda de <strong>140 p\u00e1ginas<\/strong> est\u00e1 dise\u00f1ada para acompa\u00f1ar y complementar los videos del curso. La gu\u00eda te explica paso a paso de manera escrita los temas del curso. Recibes acceso para bajar el archivo de PDF a tu computador y poder imprimir el libro gu\u00eda si as\u00ed lo deseas<\/li>\n<li><strong>Tareas en Excel<\/strong> para que puedas aplicar tu nuevo conocimiento de manera inmediata. Incluye un total de <strong>44 archivos de Excel<\/strong> que incluyen versiones tanto iniciales como finales para que puedas comparar tu soluci\u00f3n con la nuestra<\/li>\n<li><strong>32 quizes con m\u00e1s de 135 preguntas<\/strong> de respuesta m\u00faltiple. En cada secci\u00f3n del curso podr\u00e1s asegurarte de que recuerdas los temas m\u00e1s importantes que se han cubierto, y que tus conocimientos son totalmente solidos<\/li>\n<li><strong>12 meses de acceso<\/strong> a los materiales del curso. El sal\u00f3n de aprendizaje de PnL Finance es un \u00e1rea protegida con nombre de usuario y clave de acceso para los estudiantes del curso. Tienes acceso al \u00e1rea de curso por 12 meses desde la fecha en la que te registras<\/li>\n<li><strong>Bono gratis \u2013 Minilibro de Teclas de Acceso R\u00e1pido de Excel<\/strong> 2007 y 2010 en ingl\u00e9s y espa\u00f1ol en PDF. Este documento contiene teclas de acceso r\u00e1pido que son extremadamente poderosas y \u00fatiles<\/li>\n<li><strong>Garant\u00eda de retorno de tu dinero durante 30 d\u00edas<\/strong>. Cada membres\u00eda al Curso de Modelaje Financiero Aplicado tiene una garant\u00eda de devoluci\u00f3n de tu dinero de 30 d\u00edas. Si no te gusta el curso, simplemente nos env\u00edas un correo y te devolvemos tu dinero. <strong>Sin condiciones. Garantizado<\/strong><\/li>\n<\/ul>\n<hr>\n<p><strong>Cual es el precio y como registrarte?<\/strong><br \/>\nNo hay otros sitios que te ofrezcan tanto valor  y contenido. Podr\u00edas intentar comparar el Curso de Modelaje Financiero Aplicado de PnL Finance con:<\/p>\n<ul>\n<li>Curso presencial en una universidad en Am\u00e9rica Latina (costo US$3,000)<\/li>\n<li>Curso presencial en una universidad en Estados Unidos (costo US$15,000)<\/li>\n<li>Curso presencial en una firma de entrenamiento especializado (costo US$1,000 diarios o US$3,000 por 15 horas de clase)<\/li>\n<li>Curso online en ingl\u00e9s (costo US$500 a US$1,350)<\/li>\n<\/ul>\n<p>Sin embargo, estos cursos tienen las siguientes limitaciones:<\/p>\n<ul>\n<li>Los cursos presenciales requieren que estudies seg\u00fan su calendario y que avances al paso del estudiante m\u00e1s lento de la clase<\/li>\n<li>No hay otro curso online en espa\u00f1ol elaborado por banqueros con experiencia en Wall Street <\/li>\n<li>Pocos cursos online te ofrecen tantos recursos como el nuestro <\/li>\n<\/ul>\n<p>Dado que el curso de PnL Finance es mejor que el de otras empresas, <strong>estimamos que tiene un valor de m\u00e1s de US$800 d\u00f3lares...<\/strong><\/p>\n<p>Sin embargo, queremos ofrecerlo a un excelente precio de US$248 para ponerlo al alcance de todos aquellos que est\u00e9n realmente interesados en aprender.<\/p>\n<p>Pero no solo eso, debido a que el curso es nuevo, queremos ofrecer una promoci\u00f3n introductoria con un <strong>20% extra de descuento<\/strong> por tiempo limitado. Es decir, te estamos dando el curso por <strong>US$198<\/strong>. Esto representa <strong>US$50 d\u00f3lares de descuento<\/strong> sobre su precio normal y m\u00e1s de <strong>US$600 d\u00f3lares de descuento<\/strong> sobre su valor real.<\/p>\n<p>Si quieres registrarte, simplemente haz click en el bot\u00f3n de abajo y podr\u00e1s usar de manera r\u00e1pida y totalmente segura tu tarjeta de cr\u00e9dito o d\u00e9bito para pagar por medio de PayPal.<\/p>\n<table id=\"ordenar\" border=\"1\" cellspacing=\"0\" cellpadding=\"0\">\n<tbody>\n<tr>\n<td style=\"width: 100%; font-size:15px; color: #1f497d;\"><strong>Haz click en el boton para ordenar ahora el Curso de Modelaje Financiero Aplicado de PnL Finance por US$198.00<\/strong><br \/>\n<img decoding=\"async\" src=\"http:\/\/www.pnlfinance.com\/blog\/Pics\/payment-logos.png\" alt=\"logos de pago\" width=\"180\" height\"22\" style=\"padding: 0px 0px 0px 0px;\"><br \/>\n<form action=\"https:\/\/www.paypal.com\/cgi-bin\/webscr\" method=\"post\">\n <input type=\"hidden\" name=\"business\" value=\"l&#101;&#x6f;&#x6e;&#x61;r&#100;&#x6f;&#x2e;&#x68;e&#114;&#x6e;&#x61;&#x6e;d&#101;&#x7a;&#x40;&#x70;n&#108;&#x66;&#x69;&#x6e;a&#110;&#x63;&#x65;&#x2e;c&#111;&#x6d;\" \/>\n <input type=\"hidden\" name=\"cmd\" value=\"_xclick\" \/>\n <!-- Instant Payment Notification & Return Page Details -->\n <input type=\"hidden\" name=\"notify_url\" value=\"https:\/\/www.pnlfinance.com\/blog\/?s2member_paypal_notify=1\" \/>\n <input type=\"hidden\" name=\"cancel_return\" value=\"https:\/\/www.pnlfinance.com\/blog\/\" \/>\n <input type=\"hidden\" name=\"return\" value=\"https:\/\/www.pnlfinance.com\/blog\/?s2member_paypal_return=1&amp;s2member_paypal_return_tra=ZGVmNTAyMDAxMzVjOGE4NjgzMzRjZTYzNDkxMDE0OTMxNWVhZjUxY2FlMjIzOTBiODgxMTNjYzBiNTJkNmU2YjAxMmE3ZTMyYjFlMDVjNDdmMjI1NDIzYWUzOWIyYjUxYzQ2MzlhM2I5NWZiMjFkNGFhYWY0MDY4ZWNmOWU5YTgxNmM2MmMyOWQ2YzgxZGUxODVjMjU4MTRhYjI0Y2U4MGQ5ZjBkYmFmODdjMmI4MzJjNWY5MjZkNGFhMWRlNjk4Y2JlY2U5ZmU0OTY2NTk5ZTU4NmI1YzhmZWE1NDJmYjIwNzVjMzE2YmFhMzA2NGI5M2ViM2ZiNjIxODAzN2JmYTNmMGE5MGNmMTk2Y2JmNmIyYmU0YjhjYmFiZjVmNjczMGZhY2Y3ODQ4Y2I1MjE3ZjZmNDc4ODE2MjY4MGNlODRmODI4NWFhZjQxNWEzYmZiMTljZWVhNDBiYmJlMWY1ODE5ODVmOTI0MGY1MTIxZjUwMTQwZDNhOWY4ZTFlZTgyYjBhNThkMWRkMjU2N2Q5NmM2NDA1NzQyYTY5ZGMxZTFjMGFmYzU5NTBjODBlMDRmMjVkMThlOGQ2ZjdjOWE3Y2Y2ZThlNDg2ZDI5OTUyMmRiNjRjZmRlYTJjYWNjNGFmNjNiYzZjMzYzYTI5NzVhM2M5ZmE3YzRhMTJkMjMwODk0NDQ4YWFlZjhmMGE3OTdiZGRiYzEwZjhmNDQ3OGM4ZTBjOWJlZTRkODZkZjY2YTc5NTliYmJlMTIyOTdhOWZlMDUzN2QzZjZlMzA3YTg2NTFmN2MwYjE0NzhjODEzNDA1MzQxZGZkYTc2ZWI5OTVhZGM0YzQ2ODhiYmUyMTZkMmFjZGQzYTY3MzMwNzAxMmYzOGQ4MDBlNjg3ZWE4NTliMzM0NzIwOTk5ZmVlMzRjYzcyMzZiYjBiYTEzMjRkMDA5ZTk1\" \/>\n <input type=\"hidden\" name=\"rm\" value=\"2\" \/>\n <!-- Configures Basic Checkout Fields -->\n <input type=\"hidden\" name=\"lc\" value=\"ES\" \/>\n <input type=\"hidden\" name=\"no_shipping\" value=\"1\" \/>\n <input type=\"hidden\" name=\"no_note\" value=\"1\" \/>\n <input type=\"hidden\" name=\"custom\" value=\"www.pnlfinance.com\" \/>\n <input type=\"hidden\" name=\"currency_code\" value=\"USD\" \/>\n <input type=\"hidden\" name=\"page_style\" value=\"PnLPaypal\" \/>\n <input type=\"hidden\" name=\"charset\" value=\"utf-8\" \/>\n <input type=\"hidden\" name=\"item_name\" value=\"Curso de Modelaje Financiero\" \/>\n <input type=\"hidden\" name=\"item_number\" value=\"1::1 Y\" \/>\n <!-- Configures s2Member's Unique Invoice ID\/Code  -->\n <input type=\"hidden\" name=\"invoice\" value=\"69ea148c2e484~216.73.216.6\" \/>\n <!-- Identifies\/Updates An Existing User\/Member (when\/if applicable)  -->\n <input type=\"hidden\" name=\"on0\" value=\"Originating Domain\" \/>\n <input type=\"hidden\" name=\"os0\" value=\"www.pnlfinance.com\" \/>\n <!-- Identifies The Customer's IP Address For Tracking -->\n <input type=\"hidden\" name=\"on1\" value=\"Customer IP Address\" \/>\n <input type=\"hidden\" name=\"os1\" value=\"216.73.216.6\" \/>\n <!-- Controls Modify Behavior At PayPal Checkout -->\n <input type=\"hidden\" name=\"modify\" value=\"0\" \/>\n <!-- Customizes Prices, Payments & Billing Cycle -->\n <input type=\"hidden\" name=\"amount\" value=\"198.00\" \/>\n <!--<input type=\"hidden\" name=\"src\" value=\"BN\" \/>-->\n <!--<input type=\"hidden\" name=\"srt\" value=\"\" \/>-->\n <!--<input type=\"hidden\" name=\"sra\" value=\"1\" \/>-->\n <!--<input type=\"hidden\" name=\"a1\" value=\"0\" \/>-->\n <!--<input type=\"hidden\" name=\"p1\" value=\"0\" \/>-->\n <!--<input type=\"hidden\" name=\"t1\" value=\"D\" \/>-->\n <!--<input type=\"hidden\" name=\"a3\" value=\"198.00\" \/>-->\n <!--<input type=\"hidden\" name=\"p3\" value=\"1\" \/>-->\n <!--<input type=\"hidden\" name=\"t3\" value=\"Y\" \/>-->\n <!-- Displays The PayPal Image Button -->\n <input type=\"image\" src=\"https:\/\/www.paypal.com\/en_US\/i\/btn\/btn_xpressCheckout.gif\" style=\"width:auto; height:auto; border:0;\" alt=\"PayPal\" \/>\n<\/form>\n<\/td>\n<\/tr>\n<\/tbody>\n<\/table>\n<hr>\n<p><strong>Preguntas frecuentes<\/strong><\/p>\n<ol>\n<li><strong>Cuales son los m\u00e9todos de pago aceptados?<\/strong> Puedes pagar con tarjeta de cr\u00e9dito (Visa, Master Card, American Express etc.) o con una cuenta de PayPal. Si no tienes una cuenta de PayPal no tienes por qu\u00e9 crear una. Solo haz click en el bot\u00f3n y selecciona el link que dice \u201cNo dispone de una cuenta PayPal?\u201d<\/li>\n<li><strong>Que versi\u00f3n de Excel se usa en las clases?<\/strong> Usamos Excel 2010 para las clases. Sin embargo, la mayor\u00eda de las lecciones pueden ser aplicadas f\u00e1cilmente a versiones de Excel superiores a 2003<\/li>\n<li><strong>Necesito saber hablar ingl\u00e9s para tomar el curso?<\/strong> No, el curso es 99% en espa\u00f1ol. Hay algunos recursos que se toman de p\u00e1ginas en ingl\u00e9s, pero no es realmente necesario<\/li>\n<li><strong>Puedo probarlo antes de comprarlo?<\/strong> Si. Hemos desarrollado un modo de usuario gratuito para que puedas acceder a dos modulos del curso completamente gratis.<a href=\"#trial\"> Haz click aqu\u00ed para mayor informaci\u00f3n<\/a><\/li>\n<\/ol>\n","protected":false},"excerpt":{"rendered":"<p>Que es el curso de Modelaje Financiero Aplicado? Es un curso online para ense\u00f1arte como hacer buenos modelos financieros en Excel. Usaremos un caso de estudio pr\u00e1ctico para entender los varios pasos de modelaje y tener un modelo completo construido <a class=\"more-link\" href=\"https:\/\/www.pnlfinance.com\/blog\/modelaje-financiero-aplicado\/\">Seguir leyendo  <span class=\"screen-reader-text\">  Modelaje Financiero Aplicado<\/span><span class=\"meta-nav\">&rarr;<\/span><\/a><\/p>\n","protected":false},"author":1,"featured_media":0,"parent":0,"menu_order":0,"comment_status":"open","ping_status":"open","template":"page-fullwidth.php","meta":{"footnotes":""},"class_list":["post-762","page","type-page","status-publish","hentry"],"_links":{"self":[{"href":"https:\/\/www.pnlfinance.com\/blog\/wp-json\/wp\/v2\/pages\/762","targetHints":{"allow":["GET"]}}],"collection":[{"href":"https:\/\/www.pnlfinance.com\/blog\/wp-json\/wp\/v2\/pages"}],"about":[{"href":"https:\/\/www.pnlfinance.com\/blog\/wp-json\/wp\/v2\/types\/page"}],"author":[{"embeddable":true,"href":"https:\/\/www.pnlfinance.com\/blog\/wp-json\/wp\/v2\/users\/1"}],"replies":[{"embeddable":true,"href":"https:\/\/www.pnlfinance.com\/blog\/wp-json\/wp\/v2\/comments?post=762"}],"version-history":[{"count":58,"href":"https:\/\/www.pnlfinance.com\/blog\/wp-json\/wp\/v2\/pages\/762\/revisions"}],"predecessor-version":[{"id":1552,"href":"https:\/\/www.pnlfinance.com\/blog\/wp-json\/wp\/v2\/pages\/762\/revisions\/1552"}],"wp:attachment":[{"href":"https:\/\/www.pnlfinance.com\/blog\/wp-json\/wp\/v2\/media?parent=762"}],"curies":[{"name":"wp","href":"https:\/\/api.w.org\/{rel}","templated":true}]}}