{"id":968,"date":"2013-05-13T10:46:43","date_gmt":"2013-05-13T14:46:43","guid":{"rendered":"http:\/\/www.pnlfinance.com\/blog\/?page_id=968"},"modified":"2013-05-13T10:47:06","modified_gmt":"2013-05-13T14:47:06","slug":"video-introduccion-a-valoracion-de-empresas","status":"publish","type":"page","link":"https:\/\/www.pnlfinance.com\/blog\/video-introduccion-a-valoracion-de-empresas\/","title":{"rendered":"Video &#8211; Introducci\u00f3n a valoraci\u00f3n de empresas"},"content":{"rendered":"<p>Hola!<\/p>\n<p>Este video explica de forma muy condensada cual es el objetivo de una valoraci\u00f3n y cu\u00e1les son las principales t\u00e9cnicas para valorar empresas. El video es parte de nuestro <a title=\"Curso de Modelaje Financiero Aplicado\" href=\"http:\/\/www.pnlfinance.com\/blog\/modelaje-financiero-aplicado\/\">curso de Modelaje Financiero Aplicado<\/a>.<\/p>\n<p>Espero que lo disfrutes.<\/p>\n<p>Leonardo Hern\u00e1ndez<br \/>\nPnL Finance<\/p>\n<p><object width=\"640\" height=\"360\" classid=\"clsid:d27cdb6e-ae6d-11cf-96b8-444553540000\" codebase=\"http:\/\/download.macromedia.com\/pub\/shockwave\/cabs\/flash\/swflash.cab#version=6,0,40,0\"><param name=\"allowFullScreen\" value=\"true\" \/><param name=\"allowscriptaccess\" value=\"always\" \/><param name=\"src\" value=\"http:\/\/www.youtube.com\/v\/-IgaZ4Xtafs?version=3&amp;hl=en_US\" \/><param name=\"allowfullscreen\" value=\"true\" \/><embed width=\"640\" height=\"360\" type=\"application\/x-shockwave-flash\" src=\"http:\/\/www.youtube.com\/v\/-IgaZ4Xtafs?version=3&amp;hl=en_US\" allowFullScreen=\"true\" allowscriptaccess=\"always\" allowfullscreen=\"true\" \/><\/object><\/p>\n","protected":false},"excerpt":{"rendered":"<p>Hola! Este video explica de forma muy condensada cual es el objetivo de una valoraci\u00f3n y cu\u00e1les son las principales t\u00e9cnicas para valorar empresas. El video es parte de nuestro curso de Modelaje Financiero Aplicado. Espero que lo disfrutes. Leonardo <a class=\"more-link\" href=\"https:\/\/www.pnlfinance.com\/blog\/video-introduccion-a-valoracion-de-empresas\/\">Seguir leyendo  <span class=\"screen-reader-text\">  Video &#8211; Introducci\u00f3n a valoraci\u00f3n de empresas<\/span><span class=\"meta-nav\">&rarr;<\/span><\/a><\/p>\n","protected":false},"author":1,"featured_media":0,"parent":0,"menu_order":0,"comment_status":"open","ping_status":"open","template":"","meta":{"footnotes":""},"class_list":["post-968","page","type-page","status-publish","hentry"],"_links":{"self":[{"href":"https:\/\/www.pnlfinance.com\/blog\/wp-json\/wp\/v2\/pages\/968","targetHints":{"allow":["GET"]}}],"collection":[{"href":"https:\/\/www.pnlfinance.com\/blog\/wp-json\/wp\/v2\/pages"}],"about":[{"href":"https:\/\/www.pnlfinance.com\/blog\/wp-json\/wp\/v2\/types\/page"}],"author":[{"embeddable":true,"href":"https:\/\/www.pnlfinance.com\/blog\/wp-json\/wp\/v2\/users\/1"}],"replies":[{"embeddable":true,"href":"https:\/\/www.pnlfinance.com\/blog\/wp-json\/wp\/v2\/comments?post=968"}],"version-history":[{"count":3,"href":"https:\/\/www.pnlfinance.com\/blog\/wp-json\/wp\/v2\/pages\/968\/revisions"}],"predecessor-version":[{"id":971,"href":"https:\/\/www.pnlfinance.com\/blog\/wp-json\/wp\/v2\/pages\/968\/revisions\/971"}],"wp:attachment":[{"href":"https:\/\/www.pnlfinance.com\/blog\/wp-json\/wp\/v2\/media?parent=968"}],"curies":[{"name":"wp","href":"https:\/\/api.w.org\/{rel}","templated":true}]}}